What are the prime factors of 11483836?
2, 7, 13, 4507
List the prime factors of 1442775257.
7, 11, 23, 116381
What are the prime factors of 2695270409?
13, 207328493
List the prime factors of 4361448286.
2, 13, 6977, 24043
What are the prime factors of 96693248?
2, 94427
What are the prime factors of 134835549?
3, 103, 131, 3331
What are the prime factors of 56041008?
2, 3, 307, 3803
What are the prime factors of 21957171?
3, 7319057
What are the prime factors of 635697592?
2, 17, 19, 37, 61, 109
What are the prime factors of 352315840?
2, 5, 23, 47869
List the prime factors of 205228429.
7, 97, 409, 739
List the prime factors of 317482489.
317482489
What are the prime factors of 1182674117?
433, 2731349
What are the prime factors of 2051990878?
2, 7, 41, 3574897
List the prime factors of 1831308147.
3, 203478683
What are the prime factors of 350316530?
2, 5, 2381, 14713
List the prime factors of 631444375.
5, 773, 1307
What are the prime factors of 140825883?
3, 11, 4267451
List the prime factors of 463410203.
2699, 171697
List the prime factors of 766764005.
5, 7, 17, 227, 811
List the prime factors of 155924359.
107, 521, 2797
List the prime factors of 3016194287.
20261, 148867
List the prime factors of 2807631349.
19, 147770071
List the prime factors of 47127568.
2, 2945473
List the prime factors of 801827797.
17, 19, 2482439
What are the prime factors of 17559954?
2, 3, 975553
What are the prime factors of 67013872?
2, 4188367
List the prime factors of 188198574.
2, 3, 29, 617, 1753
List the prime factors of 842514849.
3, 11, 17, 500603
List the prime factors of 21313006.
2, 11, 13, 74521
What are the prime factors of 4614074?
2, 19, 29, 53, 79
What are the prime factors of 1761674697?
3, 43, 1517377
List the prime factors of 248152066.
2, 193, 642881
What are the prime factors of 8476358?
2, 11, 385289
List the prime factors of 78644130.
2, 3, 5, 23, 293, 389
What are the prime factors of 3239417686?
2, 1619708843
What are the prime factors of 103456332?
2, 3, 7, 281, 487
What are the prime factors of 46167461?
17, 9397
List the prime factors of 2868316337.
2609, 1099393
List the prime factors of 1516365584.
2, 94772849
What are the prime factors of 25771761?
3, 131, 21859
List the prime factors of 1872268399.
419, 4468421
What are the prime factors of 145201014?
2, 3, 7, 164627
List the prime factors of 88119650.
2, 5, 97, 18169
List the prime factors of 22064361.
3, 11, 668617
What are the prime factors of 1157337257?
109, 613, 17321
What are the prime factors of 67294271?
11, 47, 11833
What are the prime factors of 73422460?
2, 5, 19, 47, 4111
What are the prime factors of 65622425?
5, 11, 238627
What are the prime factors of 1425613300?
2, 5, 14256133
List the prime factors of 31608563.
7, 199, 22691
What are the prime factors of 67863358?
2, 33931679
What are the prime factors of 249002131?
7, 919, 38707
What are the prime factors of 6667747257?
3, 349, 6368431
What are the prime factors of 256953046?
2, 7, 18353789
What are the prime factors of 113214286?
2, 56607143
What are the prime factors of 1273798250?
2, 5, 41, 151, 823
List the prime factors of 1641049798.
2, 19, 107, 403603
List the prime factors of 5089911254.
2, 19, 133945033
What are the prime factors of 3315803997?
3, 11, 337, 298157
What are the prime factors of 58338640?
2, 5, 37, 19709
What are the prime factors of 778514514?
2, 3, 269, 482351
List the prime factors of 457927131.
3, 152642377
List the prime factors of 4181144108.
2, 1045286027
List the prime factors of 133420606.
2, 11, 349, 17377
List the prime factors of 7865320.
2, 5, 31, 6343
What are the prime factors of 286185775?
5, 29, 394739
List the prime factors of 153116124.
2, 3, 7, 1822811
List the prime factors of 139379135.
5, 7, 53, 227, 331
What are the prime factors of 2043374886?
2, 3, 7, 1433, 11317
What are the prime factors of 3453632936?
2, 13, 33208009
What are the prime factors of 747471915?
3, 5, 5536829
What are the prime factors of 65199518?
2, 32599759
What are the prime factors of 160837657?
2887, 55711
List the prime factors of 22426126.
2, 11213063
List the prime factors of 689805811.
19, 23, 347, 4549
List the prime factors of 50762418.
2, 3, 7, 929, 1301
What are the prime factors of 46448354?
2, 31, 749167
What are the prime factors of 3939839232?
2, 3, 7, 769, 953
What are the prime factors of 862942268?
2, 37, 5830691
List the prime factors of 2313726031.
2313726031
List the prime factors of 36944925.
3, 5, 263, 1873
List the prime factors of 210241973.
19, 41, 269887
List the prime factors of 89410069.
7, 673, 18979
What are the prime factors of 111040915?
5, 31, 41, 101, 173
What are the prime factors of 183691539?
3, 29, 103, 6833
What are the prime factors of 3884303?
19, 204437
What are the prime factors of 1003019221?
1003019221
List the prime factors of 321589069.
321589069
List the prime factors of 107325488.
2, 17, 394579
List the prime factors of 44978617.
17, 919, 2879
What are the prime factors of 773897167?
773897167
What are the prime factors of 8840647265?
5, 1237, 1429369
What are the prime factors of 508629894?
2, 3, 449, 188801
What are the prime factors of 1336694872?
2, 167086859
List the prime factors of 100776106.
2, 50388053
What are the prime factors of 192061825?
5, 2689, 2857
What are the prime factors of 174297188?
2, 13, 3351869
List the prime factors of 70908008.
2, 8863501
What are the prime factors of 950650484?
2, 7, 19, 1786937
What are the prime factors of 1014939226?
2, 7, 19, 409, 491
List the prime factors of 410450292.
2, 3, 7, 31, 52541
What are the prime factors of 499431646?
2, 7, 2879, 12391
List the prime factors of 551972499.
3, 13, 223, 63467
List the prime factors of 1274017832.
2, 79, 2015851
What are the prime factors of 4991141305?
5, 97, 10291013
List the prime factors of 41535368.
2, 7, 19, 103, 379
What are the prime factors of 473072976?
2, 3, 3285229
List the prime factors of 42675459.
3, 14225153
What are the prime factors of 126629348?
2, 31657337
List the prime factors of 1320379756.
2, 4603, 71713
List the prime factors of 4221313937.
60101, 70237
What are the prime factors of 952911340?
2, 5, 41, 73, 15919
What are the prime factors of 518803859?
7, 74114837
List the prime factors of 2993234409.
3, 11, 173, 174767
What are the prime factors of 569273715?
3, 5, 727, 17401
What are the prime factors of 35610887?
13, 2739299
List the prime factors of 995357275.
5, 11, 19, 197, 967
What are the prime factors of 463335269?
31, 14946299
What are the prime factors of 3678311853?
3, 408701317
What are the prime factors of 295621410?
2, 3, 5, 7, 28729
What are the prime factors of 209605542?
2, 3, 613, 56989
What are the prime factors of 1889416890?
2, 3, 5, 17, 239, 5167
What are the prime factors of 48214423?
271, 177913
What are the prime factors of 246349132?
2, 647, 95189
What are the prime factors of 54359923?
54359923
List the prime factors of 3531519297.
3, 41, 773, 4127
List the prime factors of 33487543.
33487543
What are the prime factors of 6784918?
2, 7, 83, 5839
List the prime factors of 45554126.
2, 2719, 8377
What are the prime factors of 980221469?
241, 4067309
List the prime factors of 893973969.
3, 7, 499, 9479
List the prime factors of 110141000.
2, 5, 83, 1327
What are the prime factors of 2665379949?
3, 888459983
What are the prime factors of 22008302?
2, 17, 647303
List the prime factors of 31536518.
2, 13, 1212943
List the prime factors of 724616608.
2, 22644269
List the prime factors of 4986918535.
5, 23, 211, 205519
What are the prime factors of 1011323612?
2, 13, 29, 670639
What are the prime factors of 476800220?
2, 5, 13, 239, 7673
What are the prime factors of 15213146?
2, 13, 293, 1997
What are the prime factors of 52003655?
5, 11, 945521
What are the prime factors of 57707762?
2, 7, 79, 52177
What are the prime factors of 929533494?
2, 3, 43, 61, 59063
List the prime factors of 274937343.
3, 37, 2476913
What are the prime factors of 522638511?
3, 174212837
List the prime factors of 891993066.
2, 3, 89, 1670399
List the prime factors of 1769299338.
2, 3, 29, 10168387
What are the prime factors of 46917353?
7, 31, 67, 461
What are the prime factors of 385633559?
17, 3877, 5851
What are the prim